mber?
False
Is (6 - (-1 - -5))/(2/713) prime?
False
Let u(l) = -l + 11. Let y be u(9). Let x = 9 + -12. Is y/3 + (-109)/x a prime number?
True
Let t(w) = -w**3 + 4*w**2 - 6*w + 5. Let s be t(4). Let j = s - -10. Is (-925)/j - 6/(-27) a composite number?
False
Let a(l) = -2*l**2 - 2*l - 15. Let w(s) = 3*s**2 + 3*s + 15. Let g(k) = 4*a(k) + 3*w(k). Let j be g(0). Let p = j + 34. Is p prime?
True
Let s be ((-12)/18)/((-2)/27). Let q(o) = 48*o + 13. Is q(s) composite?
True
Suppose k = 2*k - 471. Suppose -k = -4*z - r, 2*z = -0*r + 5*r + 219. Suppose 3*x - z = -3*q, -5*x - q - 40 = -219. Is x a composite number?
True
Let y be ((-1746)/24)/(2/(-16)). Suppose 2 - 38 = 4*d. Is y/4*(-6)/d prime?
True
Suppose -4978 = -3*c - 6*t + t, -2*c + 3327 = 5*t. Is c a composite number?
True
Suppose 0*b = -2*b. Let s(d) = 4*d**2 - d + 1. Let u be s(1). Suppose -2*w = 3*l - 103, -4*l + u*w + 80 + 64 = b. Is l composite?
True
Suppose -d - 4*k + 3*k + 676 = 0, 5*d = 4*k + 3389. Is d a composite number?
False
Let r = 921 + 370. Is r a prime number?
True
Suppose -3*t + 270 = 2*t. Let r be 198/(-6) + 2/1. Let w = t + r. Is w composite?
False
Let x(s) = -s - 1. Let n(y) = 3*y**2 + 5*y - 9. Let b(j) = n(j) + 3*x(j). Is b(9) a composite number?
True
Is -2 + 16/12 + (-1544)/(-3) prime?
False
Let v = -122 + 220. Suppose -2*p + v = -2*r, 4 = p - 4*r - 45. Is p prime?
False
Let x(k) = -k**3 + k**2 + k - 1. Let f be -1 - (3 - (-2 + 7)). Let d be x(f). Suppose 0 = -3*h - d*h + 381. Is h a composite number?
False
Suppose 3594 - 13890 = -2*m + z, -z = -5*m + 25737. Is m composite?
False
Suppose 0 = -2*u - 5*q + 352, -5*u - 5*q = -488 - 377. Suppose 6*p - p - 3*i - 181 = 0, 2*i - u = -5*p. Is p prime?
False
Let g = 1061 + -730. Is g composite?
False
Let q = -31 + 43. Let o be (2 - -1)*49/3. Let r = o - q. Is r a composite number?
False
Let p = -88 + 289. Suppose 3*k - 672 = -p. Is k a composite number?
False
Let q(d) = 9*d**2 - 4*d - 11. Suppose -5*f - 4*l = 32, f + f + 4*l = -20. Is q(f) composite?
False
Let i(b) = -b**2 - b + 185. Let s be i(0). Suppose -p - 94 = -f, f + s = 3*f - 5*p. Is f a composite number?
True
Let w be 7148/(-16) - (-2)/(-8). Is ((-2)/3)/(2/w) a prime number?
True
Let l = 43 + 18. Suppose -2*t + 5*o + l = 0, -t - 2*o + 68 = t. Is t a composite number?
True
Let d(m) = 2*m - 6. Let c be d(4). Let q(n) = -5 + 3*n**c - 5*n - n**3 + 8*n**2 + 7. Is q(5) prime?
True
Suppose -n = -3*n. Suppose -3*p - p + y + 274 = n, -y = -5*p + 343. Is p composite?
True
Let u be (-1)/2 - (-14)/(-4). Let q = 39 - u. Is q a composite number?
False
Suppose -4*b - 4*s + 8 = -b, 0 = 4*b - 5*s - 21. Suppose b*r = -279 + 731. Is r a composite number?
False
Suppose -l + b - 3*b = -225, -l + b = -222. Is l a prime number?
True
Let h(v) = v**2 - 6*v + 2. Let i be h(5). Let q be 3 + i + 1 - -1. Suppose -4*z = 0, q*n - z - 111 = -25. Is n composite?
False
Let s be 2/5 - (-3)/5. Is (s*(-37)/1)/(-1) a composite number?
False
Suppose 0 = -0*g - 4*g + 648. Suppose 2*m - 2*s = g, -4*m + s + s + 316 = 0. Is m a prime number?
False
Let c(t) = t - 3. Let b be c(3). Suppose b = d - 3*d. Suppose 2*p - 5*n + 1 = d, 2*p = -2*p - 5*n + 43. Is p a prime number?
True
Let o(f) = -138*f + 1. Is o(-7) a composite number?
False
Is (350/15)/(2/3) a prime number?
False
Let y(j) = j**3 - 4*j**2 - 7*j - 11. Let x be y(8). Let a = -100 + x. Is a a prime number?
True
Let o = -7 + 7. Is (78 - 1)*(1 + o) a composite number?
True
Let c(l) = -477*l + 5. Is c(-2) a prime number?
False
Suppose 6*k - 25 = k. Suppose -160 = -k*x + 115. Is x a prime number?
False
Suppose 0*f + a = -f + 122, -650 = -5*f + 3*a. Is f composite?
False
Let x = 6 + -1. Suppose 247 = 5*h - 4*b, -194 = -0*h - 4*h + x*b. Is h composite?
True
Let k(p) = -2*p - 13. Is k(-12) prime?
True
Let l(m) = 29*m**2 - 2*m + 13. Is l(4) composite?
True
Let n = -11 - -11. Let q(d) = 3*d + 191. Is q(n) composite?
False
Suppose 2*o - 254 = 168. Is o a composite number?
False
Let i be -42 + (9/(-3))/(-3). Let j = 62 + i. Is j composite?
True
Is (2/2)/((-2)/(-674)) a composite number?
False
Suppose 4*i - 5 = 335. Is i a composite number?
True
Is 1/(9/6) + 6897/9 prime?
False
Let u(k) = -k**3 + 4*k**2 + 3*k + 1. Is u(-3) a composite number?
True
Let p = 1726 + -1047. Is p composite?
True
Let c be 0 + 2/2 - -1. Let v(k) = 17*k - 1. Is v(c) prime?
False
Let z be 1 + 0 - (-13 - -1). Let n = z + 114. Is n a composite number?
False
Let g(h) = h**3 - 4*h**2 - 3*h - 2. Let i be g(5). Let u(b) = 3*b**2 + 2*b - 5. Is u(i) a prime number?
False
Is (-26438)/(-8) + (-3)/(-12) composite?
True
Let y be 7 - ((-6)/(-3) + 0). Suppose -21 + 61 = y*s. Let a = s + -1. Is a prime?
True
Suppose -4*j + 3*j - 3*b + 1916 = 0, 3837 = 2*j + 5*b. Is j a prime number?
True
Is 9186/6*(3 - 2) a prime number?
True
Let q(w) = -w**2 - 16*w - 3. Is q(-6) a composite number?
True
Let v(f) = f**3 - 7*f**2 + 4*f + 1. Let c be v(7). Suppose 0 = -5*t - 1 - c. Is (19/3)/((-2)/t) a composite number?
False
Let t(y) be the first derivative of -y**5/60 + y**4/6 - 2*y**3/3 - 2. Let z(d) be the third derivative of t(d). Is z(-3) prime?
False
Suppose 3*n + 185 = -238. Is n*(1 + 4/(-3)) composite?
False
Let b(v) = 19*v**2 - 9*v - 5. Is b(-10) prime?
False
Let l(g) = g**3 + 12*g**2 - 5*g - 3. Let s be l(-11). Let p = s + -78. Is p a composite number?
True
Let n = -1483 + 1030. Let l = -250 - n. Is l a composite number?
True
Suppose 6*h - 5*h = -808. Let c = -401 - h. Is c composite?
True
Suppose 0 = -4*h - h + 20. Is (-344)/(-16) - 2/h a composite number?
True
Suppose 3*o + 48 = -o. Let y be o*6/(-4) - -2. Suppose 115 = 5*z + y. Is z a prime number?
True
Suppose -3*h - 18 = -5*b, 3*b - h - 10 + 0 = 0. Let j(s) = 3 - 3*s + 7*s**2 - 5*s**b + 4*s**3 + 0*s. Is j(6) composite?
True
Suppose n + 2*s - 409 = 5*s, 4*n - 1666 = -3*s. Is n prime?
False
Let u(t) = -2*t**3 + t**2 - 3*t + 2. Let y be u(2). Let k(a) = -a**3 - a**2 + 3. Let x be k(-3). Let l = x - y. Is l composite?
False
Suppose -6 - 20 = -2*q. Suppose 0 = -3*n + q + 2. Suppose 6 + 6 = 3*t, n*t = 2*w - 74. Is w a composite number?
False
Is 3/(-7) - 154464/(-168) a composite number?
False
Let g be -3*3/(-3*1). Suppose 0 = 4*d + g*o - 5*o + 6, d - 5*o = 3. Is 0/(-2) - d*1 composite?
False
Suppose -5*q - 2*o = -3*q - 76, 5*q = -3*o + 188. Is q a prime number?
True
Let g = -1334 - -2395. Is g a composite number?
False
Let s be 140/15*6/(-4). Let a = 25 + s. Is a prime?
True
Let h(r) be the third derivative of 1/6*r**5 + 13/6*r**3 + 0 + 0*r + 0*r**4 - r**2 + 1/120*r**6. Is h(-10) prime?
True
Let k(u) = 4*u**2 + 2*u + 2. Let m = 8 + -10. Let q be ((-4)/(-2))/m - 1. Is k(q) prime?
False
Let j be 2 - (2 - 4/2). Let r be (j + -1)/(-1 - -2). Let p = r + 64. Is p prime?
False
Let b = 68 - 37. Let z = -8 + b. Is z a composite number?
False
Let v(t) be the second derivative of -t**4/3 - t**3 - 5*t**2/2 + 3*t. Let d be v(-4). Let i = d + 91. Is i composite?
True
Let i be (2*-3)/(-3) + 0. Suppose 2*w + i*w + 5*b - 136 = 0, 0 = 5*w - 5*b - 215. Is w a prime number?
False
Let l(z) = 4*z**2 + 2*z - 4. Is l(5) a composite number?
True
Suppose -99 = 5*j + 51. Let a be (-216)/5*j/(-4). Let u = -133 - a. Is u prime?
True
Suppose -z = -0*z - 127. Suppose u + z = 2*u. Is u prime?
True
Let h = 730 + -435. Is h a prime number?
False
Suppose -3*d - 33 = -6333. Suppose -7*m + 2*b + 5208 = -2*m, d = 2*m - 5*b. Let z = m - 693. Is z a composite number?
False
Suppose 7 + 4 = y. Suppose -2*b = -3 - y. Is b composite?
False
Let y(a) = -a - 1. Let n be y(-5). Let s = n - -2. Suppose -s*w + 3*w + 6 = 0. Is w a prime number?
True
Suppose -d = 2 - 4. Suppose -2*i - d*i = -628. Is i a prime number?
True
Suppose -228 + 1160 = 4*u. Is u prime?
True
Let x(t) = 78*t - 3. Let o(m) = m**3 + 8*m**2 + 2. Let s be o(-8). Let d be x(s). Suppose -8 = n - d. Is n composite?
True
Suppose q = -2*q - 3. Let f be (-646)/(-3) + q/3. Suppose b - 6*o - 70 = -3*o, 0 = 4*b + o - f. Is b composite?
True
Let s(f) = f**3 - 4*f**2 - 2*f + 2. Let p be s(6). Let m = p + -3. Is m composite?
False
Let w(f) be the second derivative of f**3/6 - f**2/2 - 2*f. Let g be w(3). Suppose 3*m = -g*k + 36, -5 - 22 = -3*m - 5*k. Is m prime?
False
Suppose 5*r + 6*o - o = 370, 80 = r - o. Suppose r = 4*b - 111. Is b composite?
False
Suppose -3